{"id":236,"date":"2020-05-19T12:37:48","date_gmt":"2020-05-19T10:37:48","guid":{"rendered":"https:\/\/sercemalowane.pl\/?page_id=236"},"modified":"2020-05-19T12:50:22","modified_gmt":"2020-05-19T10:50:22","slug":"rodo","status":"publish","type":"page","link":"https:\/\/sercemalowane.pl\/?page_id=236","title":{"rendered":"RODO"},"content":{"rendered":"\n<p><strong>INFORMACJA W ZWI\u0104ZKU Z PRZETWARZANIEM&nbsp; DANYCH&nbsp;\nOSOBOWYCH&nbsp; KLIENT\u00d3W&nbsp; KORZYSTAJ\u0104CYCH Z US\u0141UG FOTOGRAFICZNYCH<\/strong><\/p>\n\n\n\n<p><strong>Zgodnie z art. 13 ust. 1 i 2 og\u00f3lnego\nrozporz\u0105dzenia o ochronie danych osobowych (RODO)* z dnia&nbsp; 27 kwietnia&nbsp;\n2016r. (Dz. Urz. UE L 119&nbsp; z 04.05.2016)\ninformuj\u0119, \u017ce:<\/strong><\/p>\n\n\n\n<p><strong>1. Administratorem Pani\/Pana danych osobowych jest<\/strong> Mateusz Karatysz, <strong>tel. kontaktowy: 517378403, adres e-mail: <\/strong><a href=\"mailto:mateuszkaratysz@onet.eu\"><strong>mateuszkaratysz@onet.eu<\/strong><\/a><strong>.<\/strong><\/p>\n\n\n\n<p><strong>2.<\/strong><strong> <\/strong><strong>Podstaw\u0105&nbsp; prawn\u0105 przetwarzania Pani\/Pana&nbsp; danych osobowych jest:<\/strong><\/p>\n\n\n\n<ul><li>art. 6 ust. 1 pkt a) oraz w przypadku danych szczeg\u00f3lnych kategorii art. 9 ust. 2 pkt a) RODO \u2013 zgoda udzielona Administratorowi przez osob\u0119, kt\u00f3rej dane dotycz\u0105;<\/li><li>art. 6 ust. 1 pkt b) RODO \u2013 w celu wykonania umowy lub podj\u0119cia dzia\u0142a\u0144 przed zawarciem takiej umowy; <\/li><li>art.6 ust.1 pkt c) RODO \u2013 w celu wype\u0142nienia obowi\u0105zku prawnego ci\u0105\u017c\u0105cego na administratorze, w szczeg\u00f3lno\u015bci: zwi\u0105zanym z prowadzeniem dokumentacji podatkowej;<\/li><li><strong>art. 6 ust. 1 pkt f RODO &#8211; w celu wype\u0142nienia prawnie uzasadnionych interes\u00f3w realizowanych przez administratora, w szczeg\u00f3lno\u015bci: ustalenia, dochodzenia lub obrony roszcze\u0144 w post\u0119powaniu cywilnym.<\/strong><\/li><\/ul>\n\n\n\n<p><strong>3.<\/strong><strong> Podanie przez Pani\u0105\/Pana danych osobowych&nbsp;\n&#8211; jest niezb\u0119dne do realizacji cel\u00f3w przetwarzania.<\/strong><\/p>\n\n\n\n<p><strong>4.<\/strong><strong> Odmowa podania danych osobowych w zwi\u0105zku z art. 6 ust. 1 pkt b) uniemo\u017cliwi\nzawarcie i wykonanie umowy.<\/strong><\/p>\n\n\n\n<p><strong>5.<\/strong><strong> <\/strong><strong>Wyra\u017cenie przez Pani\u0105\/Pana zgody na podstawie art.\n6 ust.1 pkt a) <\/strong><strong>oraz w przypadku danych szczeg\u00f3lnych kategorii<\/strong><strong> art. 9 ust.\n2 pkt a) RODO<\/strong><strong> &#8211; jest dobrowolne. W takim przypadku:<\/strong><\/p>\n\n\n\n<p><strong>a) <\/strong><strong>Administrator zwr\u00f3ci si\u0119 do Pani\/Pana o\nwyra\u017cenie zgody\/o\u015bwiadczenia woli w formie pisemnej lub poprzez wyra\u017ane\ndzia\u0142anie, w tym poprzez zaznaczenie okienka wyboru na formularzu lub w\nsystemie informatycznym, przy kt\u00f3rym&nbsp;\nwskazane s\u0105&nbsp; tre\u015bci zg\u00f3d;<\/strong><\/p>\n\n\n\n<p><strong>b)<\/strong><strong> ma Pani\/Pan prawo wycofa\u0107 zgod\u0119 w\nka\u017cdym momencie. W chwili pozyskiwania zgody zostanie Pani\/Pan poinformowana\/y\no mo\u017cliwo\u015bciach wycofania zgody oraz uzyska Pani\/Pan informacje jakie s\u0105\nkonsekwencje niewyra\u017cenia zgody na przetwarzanie danych w celach okre\u015blonych w\nformularzu zgody, w szczeg\u00f3lno\u015bci,&nbsp; \u017ce\nnie b\u0119dzie to mia\u0142o wp\u0142ywu na realizacj\u0119 us\u0142ugi fotograficznej i jej jako\u015b\u0107.<\/strong><\/p>\n\n\n\n<p><strong>6. <\/strong><strong>Pani\/Pana dane osobowe b\u0119d\u0105 przechowywane przez ca\u0142y okres trwania wsp\u00f3\u0142pracy\noraz w okresie niezb\u0119dnym do realizacji poszczeg\u00f3lnych cel\u00f3w przetwarzania,\nzgodnych z obowi\u0105zuj\u0105cymi przepisami prawa.<\/strong><\/p>\n\n\n\n<p><strong>7. <\/strong>W przypadku\npozyskiwania zgody Pani\/Pana dane osobowe b\u0119d\u0105 przechowywane <strong>przez ca\u0142y okres\ntrwania wsp\u00f3\u0142pracy oraz w okresie niezb\u0119dnym do realizacji cel\u00f3w przetwarzania,\nnie d\u0142u\u017cej ni\u017c <\/strong>do czasu odwo\u0142ania zgody.<\/p>\n\n\n\n<p><strong>8.<\/strong><strong> Administrator udost\u0119pnia Pani\/Pana dane osobowe, gdy taki obowi\u0105zek wynika\nz przepis\u00f3w obowi\u0105zuj\u0105cego prawa, organom i instytucjom uprawnionym na\npodstawie przepis\u00f3w prawa.<\/strong><\/p>\n\n\n\n<p><strong>9. <\/strong><strong>Pani\/Pana dane osobowe mog\u0105 by\u0107 powierzane podmiotom przetwarzaj\u0105cym,\nrealizuj\u0105cym zadania na polecenie i w imieniu Administratora, na podstawie\nzawartych um\u00f3w powierzenia przetwarzania danych osobowych, w celu wykonania\nokre\u015blonych w umowie us\u0142ug np. w ramach zlece\u0144 na administrowanie i\nserwisowanie systemami informatycznymi.<\/strong><\/p>\n\n\n\n<p><strong>10. <\/strong><strong>Pani\/Pana dane osobowe nie b\u0119d\u0105 przekazywane odbiorcom w pa\u0144stwach trzecich\noraz organizacjom mi\u0119dzynarodowym oraz nie b\u0119d\u0105 przetwarzane w spos\u00f3b\nzautomatyzowany, w tym r\u00f3wnie\u017c w formie profilowania.<\/strong><\/p>\n\n\n\n<p><strong>11.<\/strong><strong> <\/strong>W zwi\u0105zku z przetwarzaniem danych osobowych\nprzez Administratora, przys\u0142uguj\u0105 Pani\/Panu okre\u015blone uprawnienia: <\/p>\n\n\n\n<ul><li> prawo dost\u0119pu do tre\u015bci swoich danych, ich sprostowania, usuni\u0119cia lub ograniczenia przetwarzania, wniesienia sprzeciwu wobec przetwarzania, a tak\u017ce ich przenoszenia, w granicach okre\u015blonych przepisami prawa.<\/li><li> <strong>wniesienia skargi do Prezesa Urz\u0119du Ochrony Danych Osobowych, gdy Pani\/Pan uzna, \u017ce&nbsp; przetwarzanie danych osobowych narusza obowi\u0105zuj\u0105ce przepisy prawa.<\/strong><\/li><\/ul>\n\n\n\n<p><strong>12. W sprawach zwi\u0105zanych z Pani\/Pana danymi osobowymi, w tym realizacji praw prosz\u0119 kontaktowa\u0107 si\u0119 z Administratorem \u2013 Mateuszem Karatyszem, pod nr telefonu 517378403 lub na adres&nbsp; e-mail: <\/strong><a href=\"mailto:mateuszkaratysz@onet.eu\"><strong>mateuszkaratysz@onet.eu<\/strong><\/a><strong>.<\/strong><\/p>\n\n\n\n<p>*Rozporz\u0105dzenia\nParlamentu Europejskiego i Rady UE 2016\/679 z 27 kwietnia 2016 r. w sprawie\nochrony os\u00f3b fizycznych&nbsp; w zwi\u0105zku&nbsp; z przetwarzaniem danych osobowych w sprawie\nswobodnego przep\u0142ywu takich danych oraz uchylenia dyrektywy 95\/4<\/p>\n","protected":false},"excerpt":{"rendered":"<p>INFORMACJA W ZWI\u0104ZKU Z PRZETWARZANIEM&nbsp; DANYCH&nbsp; OSOBOWYCH&nbsp; KLIENT\u00d3W&nbsp; KORZYSTAJ\u0104CYCH Z US\u0141UG FOTOGRAFICZNYCH Zgodnie z art. 13 ust. 1 i 2 og\u00f3lnego rozporz\u0105dzenia o ochronie danych&hellip; <\/p>\n","protected":false},"author":1,"featured_media":0,"parent":0,"menu_order":0,"comment_status":"closed","ping_status":"closed","template":"page-templates\/aboutus-template.php","meta":{"footnotes":""},"aioseo_notices":[],"_links":{"self":[{"href":"https:\/\/sercemalowane.pl\/index.php?rest_route=\/wp\/v2\/pages\/236"}],"collection":[{"href":"https:\/\/sercemalowane.pl\/index.php?rest_route=\/wp\/v2\/pages"}],"about":[{"href":"https:\/\/sercemalowane.pl\/index.php?rest_route=\/wp\/v2\/types\/page"}],"author":[{"embeddable":true,"href":"https:\/\/sercemalowane.pl\/index.php?rest_route=\/wp\/v2\/users\/1"}],"replies":[{"embeddable":true,"href":"https:\/\/sercemalowane.pl\/index.php?rest_route=%2Fwp%2Fv2%2Fcomments&post=236"}],"version-history":[{"count":3,"href":"https:\/\/sercemalowane.pl\/index.php?rest_route=\/wp\/v2\/pages\/236\/revisions"}],"predecessor-version":[{"id":245,"href":"https:\/\/sercemalowane.pl\/index.php?rest_route=\/wp\/v2\/pages\/236\/revisions\/245"}],"wp:attachment":[{"href":"https:\/\/sercemalowane.pl\/index.php?rest_route=%2Fwp%2Fv2%2Fmedia&parent=236"}],"curies":[{"name":"wp","href":"https:\/\/api.w.org\/{rel}","templated":true}]}}