{"id":3,"date":"2020-05-18T22:01:56","date_gmt":"2020-05-18T20:01:56","guid":{"rendered":"http:\/\/sercemalowane.pl\/?page_id=3"},"modified":"2020-07-08T21:45:07","modified_gmt":"2020-07-08T19:45:07","slug":"polityka-prywatnosci","status":"publish","type":"page","link":"https:\/\/sercemalowane.pl\/?page_id=3","title":{"rendered":"Polityka dotycz\u0105ca cookies"},"content":{"rendered":"\n<p>W celu \u015bwiadczenia us\u0142ug na najwy\u017cszym poziomie stosujemy&nbsp;<strong>pliki cookies<\/strong>.  Korzystanie z naszej witryny oznacza, \u017ce b\u0119d\u0105 one zamieszczane w Pa\u0144stwa urz\u0105dzeniu. W ka\u017cdym momencie mo\u017cna dokona\u0107 zmiany ustawie\u0144  Pa\u0144stwa przegl\u0105darki. Dodatkowo, korzystanie z naszej witryny oznacza, \u017ce akceptuj\u0105 Pa\u0144stwo <a href=\"https:\/\/sercemalowane.pl\/?page_id=236\" class=\"aioseop-link\"><span class=\"has-inline-color has-very-dark-gray-color\">klauzul\u0119 przetwarzania danych osobowych udost\u0119pnionych drog\u0105 elektroniczn\u0105<\/span>.<\/a><\/p>\n\n\n\n<p>Dla Pa\u0144stwa wygody <strong>strona www.sercemalowane.pl <\/strong>u\u017cywa plik\u00f3w cookies po to,&nbsp;<strong>by dostosowa\u0107 serwis do potrzeb u\u017cytkownik\u00f3w<\/strong>, a tak\u017ce w celach statystycznych.<\/p>\n\n\n\n<p>Pliki cookies (tzw. ciasteczka)&nbsp;<strong>to niewielkie pliki tekstowe wysy\u0142ane przez odwiedzany serwis internetowy<\/strong>&nbsp;do urz\u0105dzenia internauty (komputer, smartfon itp.). Nie zawieraj\u0105 one \u017cadnych danych osobowych.<\/p>\n\n\n\n<p>Strona www.sercemalowane.pl stosuje dwa typy plik\u00f3w cookies:&nbsp;<\/p>\n\n\n\n<ol><li>wydajno\u015bciowe (zbieraj\u0105ce informacje na temat sposobu u\u017cywania \nwitryny przez odwiedzaj\u0105cych, np. najcz\u0119\u015bciej odwiedzanych stron lub \nkomunikat\u00f3w o b\u0142\u0119dach itp.),<\/li><li>funkcjonalne (zapisuj\u0105ce ustawienia u\u017cytkownika, np. j\u0119zyk, wyra\u017cone zgody itp.), takie jak:<\/li><\/ol>\n\n\n\n<ul><li>cookies google-analytics.com \u2013 s\u0142u\u017c\u0105 do prowadzenia statystyk dla \nwitryny gov.pl; dok\u0142adny spos\u00f3b dzia\u0142ania i polityk\u0119 prywatno\u015bci Google \nAnalytics mo\u017cna znale\u017a\u0107 pod adresem:&nbsp;<a href=\"https:\/\/marketingplatform.google.com\/about\/analytics\/terms\/pl\/\">https:\/\/marketingplatform.google.com\/about\/analytics\/terms\/pl\/<\/a>,&nbsp;<a href=\"https:\/\/policies.google.com\/privacy\">https:\/\/policies.google.com\/privacy<\/a><\/li><li>cookies inspectlet.com \u2013 s\u0142u\u017c\u0105 do okre\u015blenia sposobu u\u017cywania strony\n przez u\u017cytkownik\u00f3w; dok\u0142adny spos\u00f3b dzia\u0142ania i polityk\u0119 prywatno\u015bci \nmo\u017cna znale\u017a\u0107 pod adresem:&nbsp;<a href=\"https:\/\/www.inspectlet.com\/legal\">https:\/\/www.inspectlet.com\/legal<\/a>,<\/li><li>cookies sesyjne \u2013 s\u0105 to tymczasowe informacje przechowywane w \npami\u0119ci przegl\u0105darki do momentu zako\u0144czenia sesji, czyli jej zamkni\u0119cia.<\/li><\/ul>\n\n\n\n<p>Serwisy obce, do kt\u00f3rych niekiedy odsy\u0142a strona www.sercemalowane.pl, mog\u0105 u\u017cywa\u0107  tak\u017ce innych plik\u00f3w cookies ni\u017c wymienione powy\u017cej, w \u00a0tym w  szczeg\u00f3lno\u015bci plik\u00f3w umo\u017cliwiaj\u0105cych logowanie si\u0119 oraz dostarczanie  reklam odpowiadaj\u0105cych upodobaniom i zachowaniom u\u017cytkownika. Tego  rodzaju pliki cookies to:<\/p>\n\n\n\n<ul><li>w serwisie youtube.com \u2013 zawieraj\u0105ce preferencje u\u017cytkownika, oraz  liczyd\u0142o klikni\u0119\u0107; polityka prywatno\u015bci serwisu YouTube opisana jest pod  adresem:&nbsp;<a href=\"http:\/\/www.google.pl\/intl\/pl\/policies\/privacy\/\">http:\/\/www.google.pl\/intl\/pl\/policies\/privacy\/<\/a>,<\/li><\/ul>\n\n\n\n<p><strong>W wi\u0119kszo\u015bci przegl\u0105darek internetowych mo\u017cna: kasowa\u0107 pliki \ntypu cookies z twardego dysku komputera (z poziomu ustawie\u0144 \nprzegl\u0105darki), zablokowa\u0107 wszystkie przysy\u0142ane pliki typu cookies lub \nustawi\u0107 ostrze\u017cenie przed zapisaniem ich na dysku.&nbsp;<\/strong><\/p>\n\n\n\n<p>Nale\u017cy mie\u0107 na uwadze, \u017ce zmiany ustawie\u0144 tych plik\u00f3w polegaj\u0105ce na \nograniczeniu ich stosowania mog\u0105 wp\u0142yn\u0105\u0107 na niekt\u00f3re funkcjonalno\u015bci \ndost\u0119pne na stronach internetowych je stosuj\u0105cych np. uniemo\u017cliwiaj\u0105c \nzalogowanie si\u0119 na konto pocztowe.&nbsp;<strong>Brak zmiany tych ustawie\u0144 oznacza akceptacj\u0119 dla stosowania plik\u00f3w typu cookies<\/strong>.<\/p>\n\n\n\n<p><strong>Poni\u017cej wskazujemy spos\u00f3b zmiany ustawie\u0144 cookies w najbardziej popularnych wyszukiwarkach:<\/strong><\/p>\n\n\n\n<p><strong>Google Chrome<\/strong><br>\nMenu &gt; Ustawienia &gt; Poka\u017c ustawienia zaawansowane &gt; Prywatno\u015b\u0107 \n&gt; Ustawienia tre\u015bci &gt; Pliki cookies &nbsp;\u2013 nale\u017cy wybra\u0107 odpowiedni\u0105 \nopcj\u0119.<\/p>\n\n\n\n<p><strong>Internet Explorer<\/strong><br>\nMenu &gt; Narz\u0119dzia &gt; Opcje internetowe &gt; Prywatno\u015b\u0107 \u2013 nale\u017cy wybra\u0107 odpowiedni\u0105 opcj\u0119.<\/p>\n\n\n\n<p><strong>Mozilla Firefox<\/strong><br>\nMenu &gt; Opcje &gt; Prywatno\u015b\u0107 &gt; Historia \u2013 nale\u017cy wybra\u0107 odpowiedni\u0105 opcj\u0119.<\/p>\n\n\n\n<p><strong>Opera<\/strong><br>\nMenu &gt; Preferencje &gt; Zaawansowane &gt; Ciasteczka \u2013 nale\u017cy wybra\u0107 odpowiedni\u0105 opcj\u0119.<\/p>\n\n\n\n<p><strong>Safari<\/strong><br>\nMenu &gt; Preferencje &gt; Prywatno\u015b\u0107 &gt; Pliki cookies \u2013 nale\u017cy wybra\u0107 odpowiedni\u0105 opcj\u0119.<\/p>\n","protected":false},"excerpt":{"rendered":"<p>W celu \u015bwiadczenia us\u0142ug na najwy\u017cszym poziomie stosujemy&nbsp;pliki cookies. Korzystanie z naszej witryny oznacza, \u017ce b\u0119d\u0105 one zamieszczane w Pa\u0144stwa urz\u0105dzeniu. W ka\u017cdym momencie mo\u017cna&hellip; <\/p>\n","protected":false},"author":1,"featured_media":0,"parent":0,"menu_order":0,"comment_status":"closed","ping_status":"open","template":"","meta":{"footnotes":""},"aioseo_notices":[],"_links":{"self":[{"href":"https:\/\/sercemalowane.pl\/index.php?rest_route=\/wp\/v2\/pages\/3"}],"collection":[{"href":"https:\/\/sercemalowane.pl\/index.php?rest_route=\/wp\/v2\/pages"}],"about":[{"href":"https:\/\/sercemalowane.pl\/index.php?rest_route=\/wp\/v2\/types\/page"}],"author":[{"embeddable":true,"href":"https:\/\/sercemalowane.pl\/index.php?rest_route=\/wp\/v2\/users\/1"}],"replies":[{"embeddable":true,"href":"https:\/\/sercemalowane.pl\/index.php?rest_route=%2Fwp%2Fv2%2Fcomments&post=3"}],"version-history":[{"count":6,"href":"https:\/\/sercemalowane.pl\/index.php?rest_route=\/wp\/v2\/pages\/3\/revisions"}],"predecessor-version":[{"id":283,"href":"https:\/\/sercemalowane.pl\/index.php?rest_route=\/wp\/v2\/pages\/3\/revisions\/283"}],"wp:attachment":[{"href":"https:\/\/sercemalowane.pl\/index.php?rest_route=%2Fwp%2Fv2%2Fmedia&parent=3"}],"curies":[{"name":"wp","href":"https:\/\/api.w.org\/{rel}","templated":true}]}}